4 (base 9) to base 4
111201031
What is -2201054 (base 7) in base 14?
-701d4
What is 5cc4b (base 14) in base 5?
24234202
What is -3233140 (base 6) in base 3?
-22010122020
964a (base 16) to base 4
21121022
What is -77555 (base 8) in base 7?
-164051
Convert -4109485 (base 10) to base 4.
-33223102231
What is 412879 (base 15) in base 4?
23310003111
What is 210760 (base 8) in base 13?
25bc6
What is -30192 (base 13) in base 4?
-110333103
What is 312121431 (base 5) in base 16?
139eea
d7c95 (base 14) to base 10
521099
-107559 (base 10) to base 15
-21d09
Convert 101103242 (base 5) to base 10.
409822
Convert -3251101 (base 6) to base 3.
-22020120101
Convert 24525221 (base 6) to base 5.
200223013
Convert 1333526 (base 7) to base 16.
2b1b7
Convert -1014383 (base 10) to base 13.
-296936
23223223201 (base 4) to base 15
407617
Convert -61d3 (base 14) to base 10.
-16845
-100021100101 (base 3) to base 8
-544347
-16061 (base 13) to base 11
-29470
What is -738575 (base 9) in base 3?
-211022122112
What is 153113a (base 13) in base 10?
6771372
11ec3 (base 16) to base 6
1323511
What is 111100010011111111000 (base 2) in base 13?
542720
191d2 (base 14) to base 8
174004
67ca (base 14) to base 4
10121132
Convert -122022231 (base 4) to base 9.
-173020
Convert 1833039 (base 12) to base 7.
60605523
-68368 (base 12) to base 5
-13420002
-2120002203 (base 5) to base 12
-15a9270
Convert -15791b (base 14) to base 13.
-203a28
-100101000100001000011 (base 2) to base 9
-2251018
What is 2023320 (base 6) in base 4?
113212200
Convert -100002100101100 (base 3) to base 15.
-655d00
Convert -123330032112 (base 4) to base 11.
-4153067
d9205 (base 14) to base 2
10000000000011010101
Convert 90824 (base 10) to base 8.
261310
Convert -102022122202 (base 3) to base 9.
-368582
-30544440 (base 7) to base 14
-4ab120
What is -2255514 (base 6) in base 9?
-186861
11450453 (base 9) to base 4
111103032213
15a498a (base 11) to base 13
74763a
What is -263361 (base 11) in base 9?
-701362
2120202111 (base 3) to base 12
2551a
-2557350 (base 9) to base 5
-324140243
Convert 124442242 (base 5) to base 12.
261621
What is -44bac (base 13) in base 12?
-60435
What is -716401 (base 9) in base 4?
-1213222123
What is 341265 (base 9) in base 14?
5467b
-212902 (base 15) to base 12
-641348
Convert -105335320 (base 6) to base 14.
-387692
What is -1363746 (base 10) in base 3?
-2120021201010
What is 1164273 (base 10) in base 5?
244224043
Convert -3184108 (base 9) to base 11.
-a67994
-973069 (base 10) to base 3
-1211102210121
Convert 2c0a56 (base 14) to base 11.
961037
-5074048 (base 9) to base 11
-1589144
-67b9b1 (base 12) to base 10
-1658581
Convert -15152115 (base 6) to base 15.
-a666b
Convert 1868254 (base 11) to base 16.
3032ec
What is -42879 (base 13) in base 6?
-2323550
What is -2248a (base 12) in base 3?
-2022120021
Convert 38bbb (base 16) to base 7.
1655330
What is -21123320 (base 4) in base 3?
-1222000102
Convert 110221021011000 (base 3) to base 16.
68e5d2
-366055 (base 11) to base 10
-579045
Convert -1c81f (base 16) to base 7.
-664300
What is -a24622 (base 13) in base 12?
-1323522
Convert 625746 (base 8) to base 6.
4242130
Convert -210102000011 (base 3) to base 16.
-66df6
Convert 2981462 (base 10) to base 12.
bb9472
-16a3304 (base 11) to base 6
-141525153
-2201120021 (base 3) to base 5
-3204004
Convert -13321023110 (base 4) to base 11.
-1193695
Convert 1110000010111011010010 (base 2) to base 13.
9bbbcc
Convert 121522 (base 6) to base 15.
32d8
What is 9a844 (base 11) in base 2?
100011101010101111
What is -13c405 (base 13) in base 8?
-1661265
Convert -10626262 (base 7) to base 11.
-586846
What is 34477 (base 8) in base 9?
22083
98a17 (base 11) to base 2
100011000100011101
Convert -3703852 (base 9) to base 15.
-29aab8
Convert 565106 (base 7) to base 4.
120131303
What is -1560605 (base 8) in base 15?
-8d934
Convert 110405140 (base 6) to base 13.
5497a1
Convert 7a4330 (base 11) to base 10.
1279487
21b662 (base 13) to base 10
796408
Convert 130733 (base 9) to base 4.
103113201
What is -8145879 (base 10) in base 5?
-4041132004
-4201622 (base 7) to base 10
-504863
-8876623 (base 9) to base 4
-102031231020
What is -18474 (base 12) in base 13?
-13057
Convert 5042223 (base 6) to base 8.
722607
Convert -54721 (base 8) to base 11.
-16303
-1448849 (base 11) to base 6
-125141130
Convert 2142224114 (base 5) to base 14.
890191
1010001110000010110 (base 2) to base 12
14195a
-46566521 (base 8) to base 2
-100110101110110101010001
What is 131432200 (base 7) in base 11?
4837336
What is -20224200 (base 5) in base 2?
-101000000111001100
What is 2978751 (base 11) in base 15?
6ad114
What is -1101000001100111110100 (base 2) in base 3?
-20102110211120
Convert -93715 (base 11) to base 14.
-37b0d
Convert 100001000001101001010 (base 2) to base 16.
10834a
Convert -71141 (base 16) to base 10.
-463169
-9c42ca (base 13) to base 7
-43252456
What is -30331130 (base 5) in base 16?
-3c01e
Convert 211a61 (base 12) to base 15.
a4861
531662 (base 10) to base 16
81cce
What is -41713423 (base 8) in base 13?
-1ac1812
-981909 (base 10) to base 13
-284c16
Convert 1234301210 (base 5) to base 7.
34563215
Convert 242250 (base 12) to base 10.
584412
Convert 1011110001100001110 (base 2) to base 9.
647203
Convert -43223302 (base 7) to base 12.
-1299621
What is bb310 (base 12) in base 10?
247548
Convert -24183d (base 16) to base 4.
-21001200331
Convert -3457166 (base 8) to base 7.
-11001304
What is -160399 (base 11) in base 12?
-100388
Convert 1b9b43 (base 15) to base 10.
1349163
Convert -479a5 (base 13) to base 14.
-35bb1
Convert 99810 (base 11) to base 13.
50b4b
Convert -1498a27 (base 12) to base 14.
-7ac703
-30390a (base 14) to base 2
-110001100010110110110
320312 (base 4) to base 14
147c
967994 (base 15) to base 14
d46a82
What is 110111111000101 (base 3) in base 12?
228416a
Convert 32153122 (base 6) to base 12.
3987a2
What is -610314 (base 7) in base 14?
-2997b
-378835 (base 16) to base 8
-15704065
264363 (base 8) to base 2
10110100011110011
-8b715e (base 15) to base 7
-110400464
Convert 2341831 (base 9) to base 16.
1357de
What is c1909 (base 14) in base 9?
778502
-222023022 (base 5) to base 16
-ece93
Convert -137242b (base 14) to base 16.
-8fb5f7
-120221011110 (base 3) to base 2
-1001100100011110110
-b2aa7 (base 12) to base 5
-24424434
What is -134155311 (base 6) in base 2?
-1010011000011011011011
What is -a1b34 (base 13) in base 5?
-33232314
Convert -22668a (base 12) to base 9.
-1028087
Convert -c64b (base 16) to base 10.
-50763
100111200212 (base 3) to base 11
118661
-10110000001 (base 2) to base 14
-729
Convert -a13543 (base 12) to base 5.
-1120440021
-1628648 (base 10) to base 13
-4503c8
Convert 1560203 (base 8) to base 14.
ba363
What is -526175 (base 8) in base 9?
-286328
-62439 (base 16) to base 2
-1100010010000111001
-31431514 (base 7) to base 11
-1559a8a
Convert 3b840 (base 12) to base 14.
2206c
Convert 54610331 (base 7) to base 12.
16a314b
Convert 42c595 (base 13) to base 12.
638421
What is -3011431331 (base 5) in base 11?
-34066a7
What is -292e7 (base 15) in base 5?
-13213132
Convert -74631 (base 13) to base 10.
-209769
-20ab82b (base 12) to base 10
-6199523
Convert -56454 (base 15) to base 4.
-1002332302
What is 1101110011100100110010 (base 2) in base 12?
1266496
Convert 100010101011010101110100 (base 2) to base 6.
522501140
-195158 (base 14) to base 16
-db21a
5022331 (base 7) to base 6
20421314
-1a5552 (base 12) to base 8
-1615316
Convert 34470 (base 11) to base 9.
75282
Convert 171769 (base 11) to base 4.
1000320333
What is 69a27 (base 13) in base 16?
2f15e
Convert 208830 (base 12) to base 5.
112401201
Convert 3829b (base 14) to base 3.
20222221002
What is -2403918 (base 10) in base 15?
-327413
What is -1341302 (base 5) in base 15?
-831c
58977d (base 16) to base 14
ab1c29
2400033013 (base 5) to base 4
110313230200
What is -310430334 (base 5) in base 4?
-10310231111
What is -2772839 (base 10) in base 15?
-39b8ae
bb3c4 (base 15) to base 5
123013414
What is 18337234 (base 9) in base 4?
203033002033
Convert 233140442 (base 7) to base 11.
813184a
What is 10532465 (base 7) in base 8?
3374376
29ab73 (base 14) to base 15
1d9e44
Convert -7386 (base 13) to base 16.
-3e7c
100010222 (base 4) to base 2
10000000100101010
-3524e (base 16) to base 3
-1020011